ulate the greatest common divisor of 387252 and 180.
36
Calculate the highest common factor of 2223 and 747.
9
Calculate the highest common factor of 7595 and 2480.
155
What is the greatest common factor of 159390 and 1914?
66
Calculate the greatest common divisor of 469952 and 5376.
448
Calculate the highest common divisor of 4 and 7806.
2
What is the highest common factor of 3526 and 82?
82
Calculate the highest common factor of 113 and 252668.
113
What is the greatest common divisor of 901 and 34068?
17
What is the greatest common divisor of 850 and 1768850?
850
Calculate the greatest common factor of 225 and 287325.
225
Calculate the highest common divisor of 17248 and 14368.
32
What is the greatest common divisor of 296370 and 15?
15
Calculate the highest common divisor of 26427 and 138.
69
Calculate the highest common divisor of 224264 and 88.
8
What is the highest common factor of 9748718 and 238?
238
Calculate the greatest common divisor of 150773 and 3332.
833
Calculate the greatest common divisor of 2815 and 94021.
563
What is the greatest common divisor of 2547 and 1359?
9
What is the greatest common factor of 14511 and 119543?
691
Calculate the highest common factor of 486261 and 388.
97
Calculate the highest common divisor of 387 and 12513.
129
What is the highest common factor of 3132 and 15120?
108
Calculate the highest common divisor of 3222 and 163606.
358
Calculate the greatest common factor of 13733 and 403.
31
Calculate the highest common factor of 40260 and 220.
220
What is the greatest common divisor of 7718396 and 28?
28
What is the greatest common factor of 26599 and 4690?
67
Calculate the greatest common factor of 6225 and 30.
15
Calculate the greatest common factor of 239499 and 6003.
207
What is the greatest common factor of 2812 and 88578?
1406
What is the greatest common factor of 48610 and 50?
10
Calculate the highest common divisor of 1688569 and 94.
47
Calculate the greatest common factor of 4598 and 8.
2
Calculate the highest common factor of 104 and 6096220.
52
Calculate the greatest common factor of 615402 and 77355.
1719
Calculate the greatest common divisor of 6630 and 13770.
510
What is the highest common divisor of 3508648 and 858?
286
Calculate the greatest common factor of 335 and 55677.
67
Calculate the greatest common divisor of 2920 and 110.
10
Calculate the highest common divisor of 3636 and 231290.
202
What is the greatest common factor of 1000 and 25750?
250
Calculate the highest common divisor of 33 and 186747.
33
What is the highest common factor of 4897033 and 757?
757
What is the greatest common divisor of 58 and 2095250?
58
Calculate the highest common divisor of 10098 and 7667.
187
What is the highest common factor of 177256 and 8?
8
What is the greatest common divisor of 216 and 209976?
24
Calculate the highest common divisor of 370 and 214378.
74
What is the greatest common divisor of 2860 and 87620?
260
What is the highest common factor of 1627466 and 194?
194
What is the greatest common divisor of 19245 and 45?
15
Calculate the highest common factor of 575 and 106605.
115
What is the highest common factor of 5758 and 8?
2
Calculate the greatest common divisor of 310 and 628835.
155
Calculate the highest common divisor of 1716 and 9793784.
572
Calculate the greatest common divisor of 145208 and 952.
56
Calculate the greatest common divisor of 753403 and 28.
7
Calculate the greatest common factor of 4 and 716204.
4
What is the greatest common factor of 1453579 and 211?
211
What is the highest common divisor of 495 and 794805?
165
Calculate the greatest common factor of 664 and 1834964.
332
Calculate the highest common divisor of 275 and 6600.
275
What is the highest common factor of 325 and 4?
1
What is the greatest common divisor of 7372 and 5548?
76
What is the greatest common factor of 1359 and 8909?
151
Calculate the highest common divisor of 1636 and 38.
2
Calculate the greatest common factor of 107304 and 24.
24
Calculate the highest common factor of 1304586 and 189.
27
What is the highest common factor of 447450 and 450?
150
Calculate the greatest common divisor of 572 and 737594.
286
What is the highest common divisor of 25714 and 47840?
598
What is the highest common factor of 1829 and 3317?
31
What is the greatest common factor of 747 and 5886?
9
Calculate the highest common divisor of 8 and 2312.
8
What is the greatest common divisor of 1208120 and 2?
2
What is the highest common divisor of 378 and 8344?
14
Calculate the highest common divisor of 1434 and 1418226.
1434
Calculate the greatest common divisor of 12662 and 1612.
26
What is the greatest common divisor of 2151 and 225?
9
Calculate the highest common factor of 5 and 182895.
5
What is the highest common factor of 192815 and 21?
7
What is the greatest common factor of 173 and 9230069?
173
What is the highest common factor of 5691010 and 78?
26
What is the greatest common divisor of 1295 and 11618?
37
What is the greatest common divisor of 51657 and 26214?
771
What is the greatest common divisor of 66453 and 663?
51
Calculate the highest common divisor of 2159 and 3048.
127
Calculate the greatest common divisor of 80 and 411430.
10
Calculate the greatest common divisor of 501556 and 66.
22
Calculate the highest common factor of 12 and 4631136.
12
What is the greatest common divisor of 8125 and 351?
13
What is the highest common divisor of 10404 and 873?
9
Calculate the highest common factor of 334 and 84836.
334
Calculate the highest common divisor of 14 and 1704178.
14
What is the greatest common divisor of 1408 and 1190640?
176
What is the highest common divisor of 2025170 and 49?
49
What is the greatest common divisor of 15580 and 684?
76
What is the highest common divisor of 35 and 2035?
5
Calculate the highest common divisor of 8508 and 48.
12
Calculate the greatest common divisor of 27 and 29259.
9
Calculate the highest common factor of 104548 and 59.
59
Calculate the highest common factor of 190035 and 75.
15
What is the highest common factor of 375 and 2970?
15
What is the greatest common divisor of 121568 and 2320?
464
Calculate the highest common divisor of 493 and 112319.
17
Calculate the greatest common factor of 161 and 52187.
23
Calculate the highest common divisor of 136819 and 6859.
361
Calculate the greatest common divisor of 33474 and 210.
42
Calculate the highest common factor of 144784 and 48.
16
What is the highest common divisor of 28176 and 48?
48
Calculate the highest common divisor of 7740 and 150285.
645
What is the greatest common factor of 265 and 10282?
53
What is the greatest common factor of 48 and 83964?
12
Calculate the highest common divisor of 110 and 11747230.
110
What is the highest common divisor of 199215 and 342?
171
What is the highest common divisor of 2392 and 337088?
184
What is the highest common factor of 16684 and 33756?
388
What is the greatest common divisor of 125836 and 20864?
652
What is the highest common factor of 189 and 257019?
21
What is the greatest common divisor of 75 and 970075?
25
What is the highest common divisor of 232 and 7176?
8
What is the greatest common factor of 517 and 241439?
517
What is the greatest common divisor of 10974 and 117174?
354
What is the highest common factor of 804 and 297212?
268
Calculate the greatest common divisor of 10334 and 14.
2
What is the greatest common factor of 8143656 and 184?
184
Calculate the greatest common divisor of 35 and 279.
1
What is the greatest common divisor of 604 and 201736?
604
Calculate the greatest common factor of 990 and 22880.
110
What is the greatest common divisor of 48168 and 63?
9
What is the highest common divisor of 2164 and 32?
4
Calculate the greatest common divisor of 300 and 218100.
300
Calculate the highest common divisor of 76684 and 304.
76
What is the highest common factor of 19536 and 2886?
222
Calculate the highest common factor of 154 and 263.
1
What is the highest common factor of 2790 and 25141?
31
Calculate the greatest common divisor of 3 and 5208531.
3
What is the greatest common factor of 82 and 2484928?
82
Calculate the highest common divisor of 36916 and 440.
44
What is the greatest common divisor of 7161 and 4389?
231
What is the highest common factor of 1568 and 7094416?